me factors of 2043078?
2, 3, 167, 2039
List the prime factors of 3033553.
409, 7417
What are the prime factors of 947620?
2, 5, 47381
What are the prime factors of 40655496?
2, 3, 7, 181, 191
What are the prime factors of 12683931?
3, 13, 325229
List the prime factors of 599961.
3, 227, 881
What are the prime factors of 24635230?
2, 5, 67, 83, 443
List the prime factors of 85012.
2, 53, 401
What are the prime factors of 1449594?
2, 3, 29, 2777
List the prime factors of 12591337.
11, 1144667
What are the prime factors of 3358318?
2, 1679159
What are the prime factors of 55465?
5, 11093
What are the prime factors of 3229155?
3, 5, 73, 983
What are the prime factors of 13193708?
2, 11, 299857
List the prime factors of 1705492.
2, 647, 659
List the prime factors of 5515536.
2, 3, 13, 8839
List the prime factors of 7779850.
2, 5, 13, 11969
List the prime factors of 800792.
2, 31, 3229
What are the prime factors of 206245?
5, 13, 19, 167
List the prime factors of 93699.
3, 29, 359
What are the prime factors of 142683?
3, 199, 239
List the prime factors of 199887.
3, 66629
List the prime factors of 112858.
2, 73, 773
What are the prime factors of 1808732?
2, 17, 67, 397
List the prime factors of 2129655.
3, 5, 11, 12907
List the prime factors of 889714.
2, 7, 103, 617
List the prime factors of 479958.
2, 3, 167, 479
What are the prime factors of 1880693?
17, 110629
What are the prime factors of 431471?
19, 22709
List the prime factors of 403503.
3, 19, 7079
What are the prime factors of 347449?
29, 11981
What are the prime factors of 351536?
2, 127, 173
What are the prime factors of 3411?
3, 379
What are the prime factors of 196854?
2, 3, 7, 43, 109
List the prime factors of 442887.
3, 147629
What are the prime factors of 1562651?
331, 4721
List the prime factors of 420856.
2, 31, 1697
List the prime factors of 1561699.
463, 3373
List the prime factors of 10775696.
2, 127, 5303
What are the prime factors of 246532?
2, 11, 13, 431
What are the prime factors of 1668506?
2, 7, 119179
What are the prime factors of 32538427?
32538427
What are the prime factors of 2557334?
2, 13, 41, 2399
What are the prime factors of 633764?
2, 19, 31, 269
List the prime factors of 126550.
2, 5, 2531
What are the prime factors of 4480597?
11, 71, 5737
What are the prime factors of 714222?
2, 3, 39679
What are the prime factors of 1508349?
3, 41, 12263
What are the prime factors of 4730855?
5, 61, 15511
List the prime factors of 199632.
2, 3, 4159
What are the prime factors of 175881?
3, 23, 2549
What are the prime factors of 1894697?
7, 53, 5107
List the prime factors of 6897015.
3, 5, 47, 1087
List the prime factors of 72999.
3, 8111
List the prime factors of 5071656.
2, 3, 211319
What are the prime factors of 891918?
2, 3, 83, 199
List the prime factors of 875901.
3, 13, 37, 607
What are the prime factors of 2551638?
2, 3, 425273
List the prime factors of 501289.
569, 881
List the prime factors of 227943.
3, 19, 31, 43
What are the prime factors of 194767?
194767
What are the prime factors of 2338397?
139, 16823
What are the prime factors of 1219894?
2, 13, 46919
List the prime factors of 11049247.
11, 1004477
What are the prime factors of 20051?
20051
What are the prime factors of 1501618?
2, 750809
List the prime factors of 1557250.
2, 5, 6229
What are the prime factors of 2086770?
2, 3, 5, 7, 19, 523
What are the prime factors of 1621779?
3, 193, 2801
What are the prime factors of 21376310?
2, 5, 17, 125743
What are the prime factors of 3598975?
5, 359, 401
List the prime factors of 1398354.
2, 3, 23, 10133
List the prime factors of 3950662.
2, 1297, 1523
List the prime factors of 177179.
53, 3343
What are the prime factors of 5884075?
5, 373, 631
What are the prime factors of 1550426?
2, 173, 4481
List the prime factors of 6426464.
2, 11, 18257
What are the prime factors of 107260?
2, 5, 31, 173
What are the prime factors of 242284?
2, 7, 17, 509
What are the prime factors of 465372?
2, 3, 31, 139
List the prime factors of 298179.
3, 7, 4733
What are the prime factors of 154304?
2, 2411
What are the prime factors of 280554?
2, 3, 19, 23, 107
What are the prime factors of 5808395?
5, 19, 61141
What are the prime factors of 527493?
3, 17, 10343
List the prime factors of 2887178.
2, 7, 17, 1733
List the prime factors of 5773745.
5, 227, 5087
What are the prime factors of 281536?
2, 53, 83
What are the prime factors of 14506278?
2, 3, 2417713
List the prime factors of 5050676.
2, 1262669
List the prime factors of 1257204.
2, 3, 13, 8059
List the prime factors of 1774431.
3, 197159
List the prime factors of 6028716.
2, 3, 502393
List the prime factors of 22939837.
107, 214391
List the prime factors of 261365.
5, 13, 4021
List the prime factors of 270127.
11, 13, 1889
List the prime factors of 2168977.
31, 37, 61
What are the prime factors of 707916?
2, 3, 11, 31, 173
What are the prime factors of 1563903?
3, 11, 15797
What are the prime factors of 728603?
17, 42859
What are the prime factors of 98195?
5, 41, 479
What are the prime factors of 180187?
7, 25741
What are the prime factors of 12628336?
2, 7, 47, 2399
List the prime factors of 2257537.
233, 9689
What are the prime factors of 124928?
2, 61
What are the prime factors of 3000979?
3000979
List the prime factors of 1700414.
2, 850207
List the prime factors of 1937763.
3, 47, 509
List the prime factors of 43314.
2, 3, 7219
What are the prime factors of 73214?
2, 36607
What are the prime factors of 6796318?
2, 3398159
List the prime factors of 429865.
5, 149, 577
What are the prime factors of 276424?
2, 109, 317
What are the prime factors of 426147?
3, 142049
List the prime factors of 299987.
31, 9677
List the prime factors of 21990204.
2, 3, 67, 1013
List the prime factors of 2439624.
2, 3, 11, 9241
What are the prime factors of 1201806?
2, 3, 179, 373
List the prime factors of 164094.
2, 3, 7, 3907
What are the prime factors of 252067?
443, 569
What are the prime factors of 240242?
2, 120121
List the prime factors of 154533.
3, 51511
List the prime factors of 3834.
2, 3, 71
What are the prime factors of 14849080?
2, 5, 371227
What are the prime factors of 509564?
2, 11, 37, 313
List the prime factors of 236315.
5, 151, 313
What are the prime factors of 140805?
3, 5, 7, 149
List the prime factors of 1594147.
1594147
What are the prime factors of 45888?
2, 3, 239
What are the prime factors of 1430047?
419, 3413
What are the prime factors of 5959961?
7, 851423
What are the prime factors of 150660?
2, 3, 5, 31
What are the prime factors of 247612?
2, 103, 601
What are the prime factors of 111452?
2, 11, 17, 149
What are the prime factors of 14455756?
2, 7, 516277
What are the prime factors of 407656?
2, 50957
What are the prime factors of 1594899?
3, 177211
What are the prime factors of 1521969?
3, 101, 5023
List the prime factors of 684130.
2, 5, 37, 43
List the prime factors of 329212.
2, 13, 487
What are the prime factors of 9975560?
2, 5, 7, 23, 1549
What are the prime factors of 228298?
2, 7, 23, 709
List the prime factors of 20361546.
2, 3, 17, 66541
What are the prime factors of 22966248?
2, 3, 79, 12113
List the prime factors of 13151005.
5, 7, 375743
What are the prime factors of 275973?
3, 67, 1373
What are the prime factors of 1168024?
2, 11, 13, 1021
List the prime factors of 3093664.
2, 7, 1973
List the prime factors of 175065.
3, 5, 11, 1061
What are the prime factors of 5819516?
2, 107, 13597
What are the prime factors of 114150?
2, 3, 5, 761
List the prime factors of 95247.
3, 19, 557
List the prime factors of 7435404.
2, 3, 71, 2909
List the prime factors of 856075.
5, 11, 283
What are the prime factors of 12688683?
3, 7, 604223
What are the prime factors of 16246301?
1429, 11369
What are the prime factors of 4776215?
5, 955243
List the prime factors of 3079059.
3, 41, 25033
What are the prime factors of 976242?
2, 3, 17, 563
List the prime factors of 813822.
2, 3, 135637
What are the prime factors of 4103?
11, 373
List the prime factors of 10664748.
2, 3, 296243
What are the prime factors of 1316569?
151, 8719
List the prime factors of 281094.
2, 3, 11, 4259
What are the prime factors of 10280420?
2, 5, 514021
What are the prime factors of 499088?
2, 31193
List the prime factors of 1958116.
2, 48